{"id":1062,"date":"2023-06-01T09:01:46","date_gmt":"2023-06-01T07:01:46","guid":{"rendered":"https:\/\/medyoucation.medicon.de\/?page_id=1062"},"modified":"2024-08-29T11:16:12","modified_gmt":"2024-08-29T09:16:12","slug":"was-hast-du-sonst-noch-drauf","status":"publish","type":"page","link":"https:\/\/medyoucation.medicon.de\/?page_id=1062","title":{"rendered":"Was hast du sonst noch drauf?"},"content":{"rendered":"\n<p>Das Medicon Youngsters &#8211; Team engagiert sich regelm\u00e4\u00dfig auch bei unternehmens-\u00fcbergreifenden wichtigen Aufgaben. Eine davon ist die j\u00e4hrliche Stichtagsinventur. Das Thema wird also nicht nur theoretisch in der Berufsschule behandelt, sondern ganz real im ab dem 2. Januar jedes Jahres im Team mit vielen anderen Mitarbeitenden der Medicon eG in Angriff genommen.<\/p>\n\n\n\n<p class=\"has-foreground-color has-text-color has-link-color has-large-font-size wp-elements-97c97a6dfd711ba97b7c398cc613da14\" style=\"font-style:normal;font-weight:700\">Bei aller Genauigkeit, die diese Aufgabe erfordert, soll jedoch der Spa\u00df nicht zu kurz kommen!<\/p>\n\n\n\n<figure class=\"wp-block-video\"><video height=\"880\" style=\"aspect-ratio: 480 \/ 880;\" width=\"480\" controls src=\"https:\/\/medyoucation.medicon.de\/wp-content\/uploads\/2024\/08\/VIDEO-2023-06-13-11-32-38.mp4\"><\/video><\/figure>\n\n\n\n<p><\/p>\n","protected":false},"excerpt":{"rendered":"<p>Das Medicon Youngsters &#8211; Team engagiert sich regelm\u00e4\u00dfig auch bei unternehmens-\u00fcbergreifenden wichtigen Aufgaben. Eine davon ist die j\u00e4hrliche Stichtagsinventur. Das Thema wird also nicht nur theoretisch in der Berufsschule behandelt, sondern ganz real im ab dem 2. Januar jedes Jahres im Team mit vielen anderen Mitarbeitenden der Medicon eG in Angriff genommen. Bei aller Genauigkeit, [&hellip;]<\/p>\n","protected":false},"author":4,"featured_media":0,"parent":381,"menu_order":0,"comment_status":"closed","ping_status":"closed","template":"ausbilderteam","meta":{"footnotes":""},"categories":[],"tags":[],"class_list":["post-1062","page","type-page","status-publish","hentry"],"_links":{"self":[{"href":"https:\/\/medyoucation.medicon.de\/index.php?rest_route=\/wp\/v2\/pages\/1062","targetHints":{"allow":["GET"]}}],"collection":[{"href":"https:\/\/medyoucation.medicon.de\/index.php?rest_route=\/wp\/v2\/pages"}],"about":[{"href":"https:\/\/medyoucation.medicon.de\/index.php?rest_route=\/wp\/v2\/types\/page"}],"author":[{"embeddable":true,"href":"https:\/\/medyoucation.medicon.de\/index.php?rest_route=\/wp\/v2\/users\/4"}],"replies":[{"embeddable":true,"href":"https:\/\/medyoucation.medicon.de\/index.php?rest_route=%2Fwp%2Fv2%2Fcomments&post=1062"}],"version-history":[{"count":4,"href":"https:\/\/medyoucation.medicon.de\/index.php?rest_route=\/wp\/v2\/pages\/1062\/revisions"}],"predecessor-version":[{"id":1537,"href":"https:\/\/medyoucation.medicon.de\/index.php?rest_route=\/wp\/v2\/pages\/1062\/revisions\/1537"}],"up":[{"embeddable":true,"href":"https:\/\/medyoucation.medicon.de\/index.php?rest_route=\/wp\/v2\/pages\/381"}],"wp:attachment":[{"href":"https:\/\/medyoucation.medicon.de\/index.php?rest_route=%2Fwp%2Fv2%2Fmedia&parent=1062"}],"wp:term":[{"taxonomy":"category","embeddable":true,"href":"https:\/\/medyoucation.medicon.de\/index.php?rest_route=%2Fwp%2Fv2%2Fcategories&post=1062"},{"taxonomy":"post_tag","embeddable":true,"href":"https:\/\/medyoucation.medicon.de\/index.php?rest_route=%2Fwp%2Fv2%2Ftags&post=1062"}],"curies":[{"name":"wp","href":"https:\/\/api.w.org\/{rel}","templated":true}]}}